 + 4 = n. Suppose p = -2*i + 2*u + 4, -n*i + 0*u - u = -10. What is the units digit of i?
3
Let j = 33 + -4. Let h = 16 - j. What is the units digit of 1/(-3) + h/(-3)?
4
Let y be (2 - 2) + 2 + 1. Suppose -4*r + 5*v = -35, -y*r + 4*r = 5*v + 20. Let m = r - 1. What is the units digit of m?
4
Let y be 4/(-2) + (-4 - -29). Let l = y + -11. What is the tens digit of l?
1
Let t(x) = x**3 + x**2 - 4*x - 3. Let c be t(-2). Let j = 15 + -9. Let n = j + c. What is the units digit of n?
7
Let h(f) = -39*f - 19. What is the tens digit of h(-3)?
9
Let u(s) = -10*s + 4. What is the units digit of u(-21)?
4
Suppose i = l - 3*i - 60, -i + 155 = 4*l. Suppose 4*f = -2*b + 3 + 5, -b + 24 = -3*f. What is the units digit of (b/(-10))/((-6)/l)?
8
What is the units digit of 1*(-10)/5 + 7?
5
Suppose 2*s = -2, -4*i - 3*s = -3*i + 3. Suppose -3*x + 5 = 5*b, 2*x = -6*b + b + 10. What is the units digit of (-14)/b*(i - 2)?
7
What is the tens digit of (-1)/(1065/534 - 2)?
7
Let a(w) = -2*w**2 + 5*w. Let x(b) = b**2 - 4*b - 1. Let j(o) = -2*a(o) - 3*x(o). What is the units digit of j(-2)?
3
Let b be -1 - (-28 + (3 - 3)). Let a = b - 12. What is the units digit of a?
5
Let j(p) = -49*p + 3. Let w(x) = 24*x - 2. Let m(y) = -3*j(y) - 5*w(y). Let s be m(1). What is the units digit of (-80)/(-14) + 8/s?
6
Let s = -7 - -12. Suppose -s*b = -2*b - 15. What is the units digit of b?
5
Let t = 28 + -17. What is the units digit of t?
1
What is the hundreds digit of (-26)/91 + (-1353)/(-7)?
1
What is the units digit of (-1)/((-5)/(-435)*-1)?
7
Suppose -6*m + 30 = -m. Let w(j) be the third derivative of -j**4/24 + 2*j**3 - j**2. What is the units digit of w(m)?
6
Let x(v) be the second derivative of v**3/6 - v**2 + v. Let d = 12 - 7. What is the units digit of x(d)?
3
Let n be 3/1 - (-2)/2. Suppose -z - 5*v = z - 21, -n*v = z - 12. Let o = 15 - z. What is the units digit of o?
7
Let w(u) = -u**3 - 5*u**2 - 5*u + 2. Let g be w(-4). Let x be g/(-10) - (-4)/(-10). What is the units digit of (x/(-3))/(-1)*-6?
2
Let t(h) = -15*h - 1. Let z be t(-2). Suppose -3*a + 4*q + 28 = 0, z = 3*a - 7*q + 2*q. Suppose -2*i + a = -i. What is the units digit of i?
8
Suppose -9*s + 1068 = -417. What is the tens digit of s?
6
Suppose -10 = -5*a - 5*w, -2*w - 7 = -a + 2*w. Suppose u - 5*s = -24, -a*u + 6*s - 22 = s. What is the tens digit of 33/u*4/12?
1
Suppose 2*s - 13 = 3*w, 4*w = 3*s - 2*s - 4. Suppose 0*g = -4*g - 8. What is the units digit of g/s + (-25)/(-4)?
6
Let u(b) = b**3 - 8*b**2 + 2*b - 6. Let v(s) = -s**3 + s + 8. Let a be v(0). What is the tens digit of u(a)?
1
Suppose c - 6 + 2 = 4*p, -c + 3 = -3*p. Let q be p/((-1)/2) + 0. What is the units digit of 1*q/(-8)*-4?
1
Let s(k) = 4*k + 13. What is the units digit of s(6)?
7
Let g(v) = v**3 + 7*v**2 + 6*v + 4. Suppose 4*m - 21 + 5 = 0. Suppose -m + 22 = -3*z. What is the units digit of g(z)?
4
Suppose -3*t - 180 = -3*h, t - 219 = -3*h - 35. What is the units digit of h?
1
Suppose 8*a - 371 = 157. What is the units digit of a?
6
Let z(d) be the third derivative of d**5/60 - d**4/8 + 4*d**3/3 + 3*d**2. What is the tens digit of z(4)?
1
Let q = 30 + -79. Let l = -10 - q. What is the tens digit of l?
3
Suppose 0 = i + 2*i - 33. Suppose 3*x - i = 2*x. What is the units digit of x?
1
What is the units digit of (21/(-2) + 2)/((-5)/20)?
4
Suppose 5 = -f + 18. Let i = 21 - f. Suppose 77 = 5*c + 2*v, 5*v - 57 = -5*c + i. What is the tens digit of c?
1
Let k = -96 - -191. What is the tens digit of k?
9
Suppose -4*h - 11 = -51. Suppose z = h + 33. What is the units digit of z?
3
Suppose -286 + 1246 = 5*l. What is the hundreds digit of l?
1
Suppose t - 4 = 3*c + 2, -3*c = t - 24. What is the units digit of (5/t)/((-2)/(-42))?
7
Let z = 26 - -69. What is the units digit of z?
5
Let p be (7 - 7)/(-3 - 1). Suppose 4*f - 4*b + 184 = 8*f, p = -3*f - 2*b + 139. What is the units digit of f?
7
Let b = 0 + 43. What is the tens digit of b?
4
Let y(o) = o**3 - 9*o**2 - 9*o - 1. Let h be -1 - -4 - (1 + 4). Let v = 12 + h. What is the units digit of y(v)?
9
Suppose -5*c = -c - 20. Suppose 4*j - 7 = c. What is the units digit of j?
3
Suppose 2*g + 3*s - 134 = 0, -2*g + 3*s = -72 - 74. What is the tens digit of g?
7
Suppose -2 = -5*b + 3. What is the units digit of 8 + 1 + (b - 3)?
7
Let i(b) = -b**2 - 6*b + 3. Let j be i(-3). Let y = 24 - j. What is the tens digit of y?
1
Let n be 1 + 1 + 0/(-3). Suppose 0 = t + n*t. Suppose -w + 2*s + 20 = -t*s, -s = -4*w + 59. What is the units digit of w?
4
Let y(a) = 359*a**2 - 9*a - 1. What is the tens digit of y(1)?
4
Let d = 110 - 42. What is the units digit of d?
8
Let m(b) = 2*b**2 + 3*b + 2. Let k be m(-2). Suppose -k*x = -0*a - 4*a - 48, 2*x = -2*a - 20. Let s = -6 - a. What is the units digit of s?
5
What is the units digit of 2*((-340)/(-8))/5?
7
Suppose 5*p = -2*g + 33, p - 5 = -3*g + 12. Suppose 3*t = -2*f + p, -2*t - 5 = 3*f - 0. What is the units digit of t?
5
Let o = -11 + 31. What is the tens digit of o?
2
Let i(w) be the first derivative of 12*w**3 - w + 3. What is the units digit of i(-1)?
5
Suppose -2*g = 5*y + 22, -5*y + 125 = -7*g + 2*g. Let b = -11 - g. What is the units digit of b?
0
Suppose -33 = -5*u + 27. Suppose -5*i = -2*i - u. What is the units digit of 1/i + (-81)/(-12)?
7
Let w = 5 - 5. Suppose w = -4*j + 18 - 2. Suppose 6 - 42 = -j*r. What is the units digit of r?
9
Suppose 0 = 5*j - 1 - 4. What is the tens digit of ((-25)/2)/(j/(-2))?
2
Let x(w) = w**2 + 4*w + 3. Let r be x(-2). Let h(d) = d**2 + 11*d**2 + 5*d - 4*d. What is the tens digit of h(r)?
1
Let z(a) = -5*a**2 + 3*a. Let g be (-3 - -4)/(2/4). Let v be z(g). What is the units digit of (-2)/7 + (-158)/v?
1
Let l be -1 + 7 + 0/(-6). What is the units digit of (-1 + 4)*1 + l?
9
Let a(u) = u**2 + 7*u + 2. Let o be a(7). Suppose -3*g + g = -o. Suppose 0 = -4*y + 5*t + 45, 0 = 2*y + 3*y - 5*t - g. What is the units digit of y?
5
Let p(o) = o + 8. Let t be p(-4). Suppose 4*s + n = 2*s + 40, -27 = -s - t*n. What is the units digit of s?
9
Suppose 0 = 4*z + 3 + 1. What is the units digit of 3/1 - 2/z?
5
What is the units digit of -5*36/(12/(-3))?
5
Suppose 0 = 3*g - 4*o - 717, -2*o = -2*g - 5*o + 461. What is the hundreds digit of g?
2
Suppose 6 = -s - 0. Let q = s + 7. What is the units digit of q + 3 + (1 - 2)?
3
Suppose -2*n + 3*f = -4*n + 153, -5*n + 2*f + 373 = 0. What is the units digit of n?
5
Suppose -2*x + 0*x = -36. What is the tens digit of x?
1
Let b = -7 - -7. Suppose -5*s = v - b*v - 66, 2*v = 4*s - 64. What is the tens digit of s?
1
Let g = 7 + 9. What is the tens digit of g?
1
What is the tens digit of 10/(5/(25/2))?
2
Let m(k) = 2*k - 2. Let j(q) = q - 1. Let c(n) = 9*j(n) - 4*m(n). Let i be c(4). Suppose 9 = 4*h - i*h - r, h = -3*r + 25. What is the tens digit of h?
1
Suppose -3*k - 5*a - 16 = 28, -5*k + 3*a = 28. Let f(t) = t**3 + 8*t**2 - 2*t - 12. Let h be f(k). Suppose h = p + p. What is the units digit of p?
2
Let q(k) = 21*k**2 + k - 3. What is the units digit of q(-3)?
3
Suppose 7 - 2 = -r. Let f(d) = -5*d + 2. Let u be f(r). Suppose -u = -6*q + 3*q. What is the units digit of q?
9
Let u(q) = -q**2 - q + 55. What is the units digit of u(0)?
5
Let f = 56 - 14. Suppose 0 = 5*k - 3*b - 171, 0*k - k = 2*b - f. What is the tens digit of k?
3
Let s(d) = 2*d**2 - 11*d - 9. Let v be s(10). Let n = v + -58. What is the tens digit of n?
2
Suppose 3*j + 3 = 111. What is the tens digit of j?
3
Let j(c) be the second derivative of c**3/3 + 3*c**2/2 + c. Let s be j(-2). What is the units digit of 1 - (2 + s)*-1?
2
Suppose 3*j = -2*j + 60. What is the units digit of j?
2
Suppose -2*t + 66 = -v + 2*v, -5*t + 168 = v. Suppose -46 = -4*l + t. Suppose 5*z - z = l. What is the units digit of z?
5
Let l(x) = -x**2 + x - 1. Let n(v) = 2*v**2 - v + 3. Let r(w) = 7*l(w) + 3*n(w). Let i be 17/5 - (-6)/10. What is the units digit of r(i)?
2
Suppose 0 = f - 5*i - 23, -2*f + 3*i + 7 + 11 = 0. Suppose -3*o + 117 = f*t, 19 = t - 5*o + o. What is the units digit of t?
5
Let o(p) = -4*p**3 - p**2 + 1. Let z be o(1). Let v = z - -6. Let f(t) = -t + 3. What is the units digit of f(v)?
1
Let g(y) = y**3 + 7*y**2 + y + 4. Let f be g(-7). Let p be (-2)/(-6)*-10*f. What is the units digit of p/(-4)*24/(-15)?
4
Suppose 4*t + 7 = 3*z, 0 = 3*t - t + 5*z - 29. Let